et h be v(-2). Let k(c) = -3 - 9*c + h*c + 2 + 2. Determine k(s).
-8
Let i(t) = t**3 - 2*t**2 - 2*t + 3. Let x be 1/1 + 9/(-1). Let l = x + 11. Let a = -1 + l. Calculate i(a).
-1
Let k(r) = 0*r + 9*r**3 - 3 - 5*r + 3*r**2 - 8*r**3. Let p(v) = -v**3 - 11*v**2 - 10*v - 4. Let a be p(-10). Determine k(a).
1
Let a(t) = -5*t**3 + 3*t**2 - 14. Let b(h) = -h**3 - h**2 - 1. Let n(f) = a(f) - 4*b(f). What is n(7)?
-10
Let s(i) be the first derivative of 2*i**2 + 2*i - 23. Determine s(2).
10
Let a(o) = 5*o + 0*o - 3 + 1 - o**2 + 3. Let d = -10 + 15. What is a(d)?
1
Let i = -40 + 37. Let g(z) = z**3 + 2*z**2 - 2*z - 2. Calculate g(i).
-5
Let i(c) = -2*c**2 - 8*c + 2. Let m be i(-4). Let o(y) be the first derivative of -y**4/4 - y**3/3 + 3*y**2/2 - 3*y - 1. Determine o(m).
-9
Let b be 40/(-15)*(-6)/4. Let a(u) = u**2 + 0 + u - b*u**2 - 1 - u**3. Calculate a(-3).
-4
Let q(u) = -u + 13. Let i(s) = -s + 14. Let a(v) = 5*i(v) - 6*q(v). Determine a(7).
-1
Let v = 11 + 2. Let o(u) = 5*u + v*u - 14*u. Determine o(1).
4
Let q be 4/(-7)*7/(-2). Suppose c - 20 = -q*x + 6*c, -4*x + 40 = 4*c. Suppose 0*o = 3*o - 2*j + x, 3*o + 5*j = 25. Let m(p) = p + 4. What is m(o)?
4
Let n be 3/6*(3 + 7). Let g(z) = -2 + z + n - 3*z. Suppose 2 - 10 = -2*h - b, 5*b - 10 = 0. Calculate g(h).
-3
Let x(j) = -3*j + 5*j + j**2 - 6 - 4*j. What is x(5)?
9
Suppose 2 = -4*k + 6. Let s(i) be the second derivative of i**5/2 + i**4/12 + i**3/6 - i**2/2 - 3*i. What is s(k)?
11
Suppose 12 = v - 3*v. Let j be 8/1 + (-4 - v). Suppose j = 2*x + 3*x. Let w(p) = 3*p**2 - 4*p + 3. Determine w(x).
7
Let z(y) = -5*y**3 - y**2 - 5*y. Let p(c) = -4*c**3 - 4*c. Let n(s) = 4*p(s) - 3*z(s). Calculate n(3).
-3
Let y(u) be the second derivative of -u**5/20 - u**4/12 - u**2/2 + u. Let i(m) = 4*m**3 - 8*m**2 + 2*m - 7. Let l(v) = -i(v) + 6*y(v). What is l(1)?
-9
Let w(q) = q**2 + 4*q + 3. Let d be (-3)/((-6)/(-4))*-1. Let y be -2 - 1/(d/(-72)). Let u be (-4)/18 + y/(-9). What is w(u)?
3
Suppose 5*r + 2*b - 4 = 2, 2*r = b + 6. Let n(v) = 2*v**3 - 5*v**2 + 0*v**3 - 5 - 3*v**3 - 4*v - r*v. Determine n(-4).
3
Let y(k) = -k. Let s(h) = -h + 11. Let x be s(8). Suppose x*z + 38 = 4*o - 0, 3*o - 27 = 2*z. Calculate y(z).
6
Let a(z) be the first derivative of -3*z + z**2 + 3 + 0 - 4*z. Let r(l) = l - 5. Let u(o) = -5*a(o) + 7*r(o). What is u(2)?
-6
Let d = -1 + 4. Let q(m) = 3*m**d + 0*m**2 + 2*m**3 - 2*m**2 - m. Determine q(-1).
-6
Let m(c) be the third derivative of -c**6/120 + c**4/12 - c**3/3 + 3*c**2. Let i(v) = v**2 - 2*v - 2. Let f be i(4). Let d = f + -4. Calculate m(d).
-6
Let q(k) = 9 + 2*k - 15*k**2 + 9 - 19. Determine q(1).
-14
Let v(r) = 5*r + 5. Suppose 5*z - x = -17, -6*z - 20 = -4*z + 4*x. Calculate v(z).
-15
Let k(r) = 9*r**2 + 1. Let y = 11 - 10. Suppose -4*p - s + y = 0, 0 = -2*p + 2*s + s + 11. Calculate k(p).
10
Let t(q) = -2*q + 1. Let c(n) = 4*n**3 - n**2 - 2*n + 1. Let v be c(1). What is t(v)?
-3
Let g(r) = -5*r**2 - 1. Suppose -2*b + 2*y + 9 = -3*b, 5*b + 5 = -2*y. What is g(b)?
-6
Let d(x) = x**3 - 3*x**2 - 1. Let k be d(3). Let h(o) be the second derivative of 2*o**4/3 + o**3/6 - 2*o. Calculate h(k).
7
Let v(y) = -5*y + 6. Suppose 3*i = -3*b, -4*i = -i + b. Suppose i = 4*n - n - 12. Determine v(n).
-14
Let u(j) = j**2 - 5*j + 1. Let i be (-54)/(-15) - 4 - 108/(-20). What is u(i)?
1
Let q(v) = 9*v**3 - 3*v**2 + v + 5. Let w(f) = -10*f**3 + 4*f**2 - f - 6. Let i(c) = 6*q(c) + 5*w(c). Determine i(-1).
-3
Let n = 9 - -3. Let i be (n/(-10))/(4/10). Let f(u) = u**3 + 2*u**2 - u + 2. Give f(i).
-4
Suppose k + 3*o - 8*o + 5 = 0, -5*o = 0. Let u(b) be the third derivative of b**6/120 + b**5/12 + b**3/6 + 50*b**2. What is u(k)?
1
Suppose 2*v = 2, -3*f - 2*f = -5*v + 5. Let z be 2/3 + (-14)/(-6). Let g(b) = -z + 4 - b + b**2 + 0. Give g(f).
1
Suppose -3*w - 43 + 10 = 0. Let t = w - -16. Suppose -z - 4*c = 2*z + 17, -3*z = -t*c - 1. Let l(p) = p**2 - p - 4. Give l(z).
8
Suppose -4*h - 6 = -7*h. Suppose 0 = -0*w + h*w + 8. Let v(s) = -s**2 - 5*s + 1. Calculate v(w).
5
Let o(t) = 2*t**2 - 4*t. Let c(h) = h**3 + 7*h**2 - 2*h - 6. Let v be c(-7). Let k be (2/v)/((-1)/(-4)). Let r(p) = 3*p**2. Let f be r(k). Give o(f).
6
Let k be (-2)/5 - 36/(-15). Let r be 5*k/20*-6. Let j(c) = c + 8. Let q(y) = -y - 9. Let x(b) = 5*j(b) + 4*q(b). Calculate x(r).
1
Let d(z) = -8*z + 3*z**2 + 2*z + 7*z + z**3 - 2. Let k = -3 - 0. Give d(k).
-5
Suppose 0 = 2*l - 4 - 8. Let s(k) be the third derivative of k**4/24 - k**3/3 + 2*k**2. What is s(l)?
4
Let w(h) = 0*h - 177 + 178 - h. What is w(-2)?
3
Suppose -2 = -2*r + 4. Suppose -v + 7 = l, 2*l = -r*v + 9 + 6. Let q(n) = -n**3 + 6*n**2 + 2*n - 9. Give q(l).
3
Let d(q) = 6 + 7*q**2 + 13*q**2 + 4*q - q**3 - 15*q**2. Calculate d(6).
-6
Let o(m) = -6*m**2 + 8*m - 1 + 0 - m**3 - 3 - 13*m. Let y be -9 + (-2 - -4) + 2. Give o(y).
-4
Suppose 0 = 7*h - 2*h - 15. Let j be -5*2/15*-3. Let q(g) = -1 + g**j + g**3 - 3*g**2 + 0*g**3. What is q(h)?
8
Let a(i) = i**2 + 5*i - 5. Suppose -t = -0*t + 6. What is a(t)?
1
Suppose 5*z + 44 = -1. Let a be (-64)/(-36) - 2/z. Let x(u) = -a + 0*u - 2*u + u**2 + 3*u. Determine x(3).
10
Let q(f) = f**2 - 5*f + 4. Let u be q(4). Let b(r) = r + 5. Give b(u).
5
Let m(x) be the first derivative of -x**6/120 + x**5/10 - x**4/4 - x**3/3 - x**2/2 + 5. Let f(v) be the second derivative of m(v). What is f(5)?
-7
Suppose -k + 10 = k. Suppose 35 = 5*w + 3*p, 2*w + 29 = 3*w + k*p. Let c(s) = 5 - 2*s - s + w*s. Determine c(0).
5
Let p = 19 - 14. Let l(d) be the third derivative of d**7/2520 - d**6/120 + d**5/24 + d**4/24 - d**2. Let b(i) be the second derivative of l(i). Calculate b(p).
0
Let w(j) be the third derivative of j**6/360 - j**5/40 - 7*j**4/24 + j**3/2 - 3*j**2. Let o(a) be the first derivative of w(a). Determine o(5).
3
Let x(f) = 7*f + 1. Suppose 0 = 5*j + 5*h, 1 = -2*j - j - 4*h. Calculate x(j).
8
Suppose 5*z + s = 4*s + 10, 5*z - 5*s - 10 = 0. Let x(l) be the third derivative of -l**4/6 + l**3/6 + 12*l**2. What is x(z)?
-7
Let o(g) = g**3 + 5*g**2 - 6*g - 7. Let z be 32/12*45/12. Suppose k - 4*b = z, 5*k - b + 14 = 2*k. What is o(k)?
-7
Let u(v) be the third derivative of 0*v + 0*v**5 + 0*v**4 - 1/24*v**6 + 0 + 1/6*v**3 + 2*v**2. Give u(-1).
6
Let i(n) = n. Let f(a) = a**2 + 2*a + 5. Let y(t) = -f(t) + i(t). Let s be y(0). Let q(u) = 0 - 5*u - 3*u**2 - 3 + 2*u**2. Calculate q(s).
-3
Let u(h) = -2*h + 3. Let b(d) = 3*d - 5. Let r(m) = -5*b(m) - 7*u(m). Let z(x) = 3*x + 54. Let f be z(-19). Give r(f).
7
Let h(t) = 32*t**3 + 2*t - 1. Let r be h(1). Let l(z) = -33 + 4*z + r. Determine l(-2).
-8
Let g(d) = -3*d**2. Let a(f) = f. Let j(v) = 6*v - 5. Let r = -10 + 5. Let n(u) = r*a(u) + j(u). Let t be n(6). Give g(t).
-3
Suppose 20 = -9*a + 4*a. Let c(d) = 2. Let j(k) = 2*k + 4. Let r(u) = 2*c(u) - j(u). Calculate r(a).
8
Suppose -2*l + l = 0. Suppose 4*x + 4 = l, 4*w = -x + 4*x + 19. Let v be w/14 - 66/(-14). Let o(a) = -a**2 + 6*a. Determine o(v).
5
Let h = -3 - -5. Suppose 0 = -5*w - 15, -5*y + 10 = -4*w - 12. Let r(v) = 3*v - 2*v**2 + v**3 - y*v**3 - 1 - 4*v**2 + 5*v**2. What is r(h)?
-7
Let j(l) be the second derivative of -l**7/2520 + l**6/90 - l**5/30 + l**4/6 + l. Let i(z) be the third derivative of j(z). Calculate i(6).
8
Let c(b) be the third derivative of b**5/60 + b**4/24 - 4*b**3/3 - 3*b**2. Calculate c(0).
-8
Let k be (-7 - (-37)/5)/(2/30). Let q(y) = -y**3 + 7*y**2 - 8*y + 5. Determine q(k).
-7
Suppose -2*g = -3*g + 4. Let c = 13 - 15. Let o be 2/4*g/c. Let l(u) = 2*u - 1. Determine l(o).
-3
Let q(j) be the first derivative of -5*j**2/2 + 3*j - 9. Give q(2).
-7
Let n be (-4)/6*(-5 + 2). Let l(o) = o**3 - o**2 - o + 2. Calculate l(n).
4
Let k = 2 + 6. Suppose -k = -4*g - 20. Let f(p) = -p + 1. What is f(g)?
4
Let s(m) = -m**2 - m - 1. Let b(x) = -13*x**2 - 4*x - 5. Let c(k) = b(k) - 6*s(k). What is c(-1)?
-8
Let c = -3 + 5. Let o(n) = n - 11. Let k be o(14). Let j(s) = -s**2 + 1 - s**k + 0*s**3 - s**3 + 3*s**3 + 2*s. Calculate j(c).
9
Let v = -7 - -9. Let m(o) = o + 2*o - v*o + o. What is m(1)?
2
Let w(h) be the third derivative of -h**4/24 - 2*h**3 - 18*h**2. Give w(-8).
-4
Let v(p) be the first derivative of -2/3*p**3 - 4 + 2*p**4 - p + p**2. Let c(n) = n**2 - n - 1. Let f be c(-1). Determine v(f).
7
Let r(i) be the third derivative of -i**6/120